{"id":10602,"date":"2024-03-04T10:44:23","date_gmt":"2024-03-04T13:44:23","guid":{"rendered":"https:\/\/www.institutodavisao.org.br\/area-do-medico\/?page_id=10602"},"modified":"2024-03-05T09:19:24","modified_gmt":"2024-03-05T12:19:24","slug":"microperimetro","status":"publish","type":"page","link":"https:\/\/www.institutodavisao.org.br\/area-do-medico\/microperimetro\/","title":{"rendered":"Microperimetro\u00a0"},"content":{"rendered":"\n<p><br>IPEPO &#8211; Instituto da Vis\u00e3o, sempre investindo em tecnologia para oferecer o que h\u00e1 de melhor e mais moderno para os m\u00e9dicos oftalmologistas e seus pacientes.&nbsp;<\/p>\n\n\n\n<p>O exame de Microperimetria \u00e9 um dos mais sens\u00edveis e espec\u00edficos para detectar altera\u00e7\u00f5es na vis\u00e3o central e avaliar danos causados na regi\u00e3o macular.&nbsp; O exame permite uma an\u00e1lise espec\u00edfica do ponto de fixa\u00e7\u00e3o e pode ser correlacionado com outros m\u00e9todos de avalia\u00e7\u00e3o, complementando a proped\u00eautica.&nbsp;&nbsp;<\/p>\n\n\n\n<p>Acesse nossos artigos abaixo:<\/p>\n\n\n\n<p><a href=\"https:\/\/www.institutodavisao.org.br\/area-do-medico\/wp-content\/uploads\/AMD-and-microperimetry.pdf\" data-type=\"URL\" data-id=\"https:\/\/www.institutodavisao.org.br\/area-do-medico\/wp-content\/uploads\/AMD-and-microperimetry.pdf\" target=\"_blank\" rel=\"noreferrer noopener\">DMRI&nbsp;<\/a><\/p>\n\n\n\n<p><a href=\"https:\/\/www.institutodavisao.org.br\/area-do-medico\/wp-content\/uploads\/DR-and-microperimetry.pdf\" data-type=\"URL\" data-id=\"https:\/\/www.institutodavisao.org.br\/area-do-medico\/wp-content\/uploads\/DR-and-microperimetry.pdf\" target=\"_blank\" rel=\"noreferrer noopener\">Retinopatia diab\u00e9tica<\/a><\/p>\n\n\n\n<p><a href=\"https:\/\/www.institutodavisao.org.br\/area-do-medico\/wp-content\/uploads\/EM-and-microperimetry.pdf\" data-type=\"URL\" data-id=\"https:\/\/www.institutodavisao.org.br\/area-do-medico\/wp-content\/uploads\/EM-and-microperimetry.pdf\" target=\"_blank\" rel=\"noreferrer noopener\">Membrana epirretiniana&nbsp;<\/a><\/p>\n\n\n\n<p><span style=\"font-family: Aptos, sans-serif; font-size: 16px; white-space-collapse: collapse;\"><a href=\"https:\/\/www.institutodavisao.org.br\/area-do-medico\/wp-content\/uploads\/macular-hole-and-micropeimetry.pdf\" data-type=\"URL\" data-id=\"https:\/\/www.institutodavisao.org.br\/area-do-medico\/wp-content\/uploads\/macular-hole-and-micropeimetry.pdf\" target=\"_blank\" rel=\"noreferrer noopener\">Buraco Macular<\/a><\/span><\/p>\n\n\n\n<p><a href=\"https:\/\/www.institutodavisao.org.br\/area-do-medico\/wp-content\/uploads\/macular-hole-and-micropeimetry-2.pdf\" data-type=\"URL\" data-id=\"https:\/\/www.institutodavisao.org.br\/area-do-medico\/wp-content\/uploads\/macular-hole-and-micropeimetry-2.pdf\" target=\"_blank\" rel=\"noreferrer noopener\">Buraco Macular 2<\/a><\/p>\n\n\n\n<p><a href=\"https:\/\/www.institutodavisao.org.br\/area-do-medico\/wp-content\/uploads\/HQC-and-microperimetry.pdf\" data-type=\"URL\" data-id=\"https:\/\/www.institutodavisao.org.br\/area-do-medico\/wp-content\/uploads\/HQC-and-microperimetry.pdf\" target=\"_blank\" rel=\"noreferrer noopener\">Toxicidade de medicamentos<\/a>&nbsp;<\/p>\n","protected":false},"excerpt":{"rendered":"<p>IPEPO &#8211; Instituto da Vis\u00e3o, sempre investindo em tecnologia para oferecer o que h\u00e1 de melhor e mais moderno para os m\u00e9dicos oftalmologistas e seus pacientes.&nbsp; O exame de Microperimetria \u00e9 um dos mais sens\u00edveis e espec\u00edficos para detectar altera\u00e7\u00f5es na vis\u00e3o central e avaliar danos causados na regi\u00e3o macular.&nbsp; O exame permite uma an\u00e1lise [&hellip;]<\/p>\n","protected":false},"author":1,"featured_media":0,"parent":0,"menu_order":0,"comment_status":"closed","ping_status":"closed","template":"templates\/microperimetro.php","meta":{"_acf_changed":false,"_joinchat":[],"footnotes":""},"class_list":["post-10602","page","type-page","status-publish","hentry"],"acf":[],"_links":{"self":[{"href":"https:\/\/www.institutodavisao.org.br\/area-do-medico\/wp-json\/wp\/v2\/pages\/10602","targetHints":{"allow":["GET"]}}],"collection":[{"href":"https:\/\/www.institutodavisao.org.br\/area-do-medico\/wp-json\/wp\/v2\/pages"}],"about":[{"href":"https:\/\/www.institutodavisao.org.br\/area-do-medico\/wp-json\/wp\/v2\/types\/page"}],"author":[{"embeddable":true,"href":"https:\/\/www.institutodavisao.org.br\/area-do-medico\/wp-json\/wp\/v2\/users\/1"}],"replies":[{"embeddable":true,"href":"https:\/\/www.institutodavisao.org.br\/area-do-medico\/wp-json\/wp\/v2\/comments?post=10602"}],"version-history":[{"count":3,"href":"https:\/\/www.institutodavisao.org.br\/area-do-medico\/wp-json\/wp\/v2\/pages\/10602\/revisions"}],"predecessor-version":[{"id":10612,"href":"https:\/\/www.institutodavisao.org.br\/area-do-medico\/wp-json\/wp\/v2\/pages\/10602\/revisions\/10612"}],"wp:attachment":[{"href":"https:\/\/www.institutodavisao.org.br\/area-do-medico\/wp-json\/wp\/v2\/media?parent=10602"}],"curies":[{"name":"wp","href":"https:\/\/api.w.org\/{rel}","templated":true}]}}