{"id":11773,"date":"2025-06-17T15:10:22","date_gmt":"2025-06-17T18:10:22","guid":{"rendered":"https:\/\/www.institutodavisao.org.br\/area-do-medico\/?page_id=11773"},"modified":"2025-12-16T15:16:04","modified_gmt":"2025-12-16T18:16:04","slug":"estagio-observacional","status":"publish","type":"page","link":"https:\/\/www.institutodavisao.org.br\/area-do-medico\/estagio-observacional\/","title":{"rendered":"Est\u00e1gio Observacional"},"content":{"rendered":"\n<p>O Instituto da Vis\u00e3o &#8211; IPEPO \u00e9 uma entidade filantr\u00f3pica que, desde 1990, promove ensino e assist\u00eancia oftalmol\u00f3gica, incluindo programas de resid\u00eancia, fellowships, cursos diversos e pesquisas. Com o objetivo de atender a alta demanda, o IPEPO oferece o Est\u00e1gio Observacional de Gradua\u00e7\u00e3o M\u00e9dica em Oftalmologia, voltado para acad\u00eamicos de medicina interessados em aprimorar seus conhecimentos na \u00e1rea.<\/p>\n\n\n\n<p>O <strong>Programa de Est\u00e1gio Observacional em Oftalmologia do IPEPO<\/strong> representa uma oportunidade para estudantes de medicina interessados em aprimorar seus conhecimentos na \u00e1rea. A experi\u00eancia permite a observa\u00e7\u00e3o direta de procedimentos cl\u00ednicos e cir\u00fargicos, contato com especialistas renomados e imers\u00e3o em um ambiente de excel\u00eancia acad\u00eamica e assistencial. Dessa forma, o programa contribui significativamente para a forma\u00e7\u00e3o dos futuros profissionais da \u00e1rea da sa\u00fade, proporcionando viv\u00eancias que complementam a grade curricular das universidades e estimulam o desenvolvimento<br>profissional dos participantes.<\/p>\n\n\n\n<h3 class=\"wp-block-heading\">Sobre o Est\u00e1gio<\/h3>\n\n\n\n<p>As atividades ser\u00e3o realizadas conforme cronograma a ser divulgado pr\u00f3ximo \u00e0 data de in\u00edcio,<br>em todas as unidades do IPEPO e no simulador no Dry Lab da Latinofarma\/IPEPO.<\/p>\n\n\n\n<p><strong>Dura\u00e7\u00e3o: <\/strong>min\u00edmo 1 semana at\u00e9 no m\u00e1ximo 4 semanas, em per\u00edodo integral (segunda a sexta, 9h \u00e0s 17h).<\/p>\n\n\n\n<p><strong>Objetivo:<\/strong> Proporcionar experi\u00eancia pr\u00e1tica e observacional em oftalmologia.<\/p>\n\n\n\n<p><strong>Localiza\u00e7\u00e3o das Unidades:<\/strong><\/p>\n\n\n\n<ul class=\"wp-block-list\">\n<li>V\u00e1rzea do Carmo: Rua Leopoldo Miguez, 327 &#8211; Cambuci, S\u00e3o Paulo\/SP &#8211; CEP: 01518-020<\/li>\n\n\n\n<li>Borges Lagoa: Rua Borges Lagoa, 1083 \u2013 11\u00ba andar \u2013 Vila Clementino, S\u00e3o Paulo\/SP &#8211;<\/li>\n\n\n\n<li>CEP: 04038-032<\/li>\n\n\n\n<li>Centro Cir\u00fargico: Rua Pedro de Toledo, 597 \u2013 Vila Clementino, S\u00e3o Paulo\/SP &#8211; CEP:<\/li>\n\n\n\n<li>04039-031<\/li>\n\n\n\n<li>Itaquera: Rua Porto Xavier, 66 e 85 \u2013 Itaquera, S\u00e3o Paulo\/SP &#8211; CEP: 08210-170<\/li>\n\n\n\n<li>Ensino: Rua Borges Lagoa, 1083 \u2013 10\u00ba andar \u2013 Vila Clementino, S\u00e3o Paulo\/SP &#8211; CEP:<\/li>\n\n\n\n<li>04038-032<\/li>\n\n\n\n<li>Simulador: Avenida Di\u00f3genes Ribeiro de Lima, 325 \u2013 Alto de Pinheiros \u2013 S\u00e3o Paulo\/SP<\/li>\n<\/ul>\n\n\n\n<h3 class=\"wp-block-heading\">Inscri\u00e7\u00e3o<\/h3>\n\n\n\n<p>Inscri\u00e7\u00e3o via e-mail: <a href=\"mailto:secretaria.ensino@institutodavisao.org.br\">secretaria.ensino@institutodavisao.org.br<\/a>.<\/p>\n\n\n\n<p><strong>Prazo:<\/strong> Solicita\u00e7\u00f5es devem ser feitas com m\u00ednimo de 2 meses de anteced\u00eancia.<\/p>\n\n\n\n<p><strong>Documentos obrigat\u00f3rios:<\/strong><\/p>\n\n\n\n<ul class=\"wp-block-list\">\n<li>Ficha cadastral preenchida e assinada.<\/li>\n\n\n\n<li>C\u00f3pia simples do RG e CPF.<\/li>\n\n\n\n<li>Declara\u00e7\u00e3o de Matr\u00edcula na faculdade de medicina do ano vigente.<\/li>\n\n\n\n<li>Curr\u00edculo Lattes (se houver).<\/li>\n\n\n\n<li>Cover letter (200 palavras) justificando o interesse no est\u00e1gio.<\/li>\n<\/ul>\n\n\n\n<h3 class=\"wp-block-heading\">Taxas e Pagamento<\/h3>\n\n\n\n<p><strong>Valor:<\/strong> R$ 2.000,00 por semana.<br><strong>Forma de pagamento: <\/strong>PIX para CNPJ 67187070000171.<br>O pagamento deve ser feito ap\u00f3s a aprova\u00e7\u00e3o da documenta\u00e7\u00e3o e o comprovante enviado via e-mail ou<br>WhatsApp (11) 3016-4099.<\/p>\n\n\n\n<p><strong>Pol\u00edtica de cancelamento:<\/strong><\/p>\n\n\n\n<ul class=\"wp-block-list\">\n<li>N\u00e3o h\u00e1 reembolso em caso de desist\u00eancia.<\/li>\n\n\n\n<li>O valor pode ser utilizado para remarca\u00e7\u00e3o em caso de necessidade.<\/li>\n<\/ul>\n\n\n\n<!-- <script type=\"text\/javascript\" src=\"https:\/\/form.jotform.com\/jsform\/251675576802667\"><\/script> -->\n\n\n\n    <iframe\n      id=\"JotFormIFrame-251675576802667\"\n      title=\"Ficha de Cadastro - Est\u00e1gio Observacional\"\n      onload=\"window.parent.scrollTo(0,0)\"\n      allowtransparency=\"true\"\n      allow=\"geolocation; microphone; camera; fullscreen; payment\"\n      src=\"https:\/\/form.jotform.com\/251675576802667\"\n      frameborder=\"0\"\n      style=\"min-width:100%;max-width:100%;height:539px;border:none;\"\n      scrolling=\"no\"\n    >\n    <\/iframe>\n    <script src='https:\/\/cdn.jotfor.ms\/s\/umd\/latest\/for-form-embed-handler.js'><\/script>\n    <script>window.jotformEmbedHandler(\"iframe[id='JotFormIFrame-251675576802667']\", \"https:\/\/form.jotform.com\/\")<\/script>\n    \n\n\n\n<h3 class=\"wp-block-heading\">Contato<\/h3>\n\n\n\n<p>\u00c1rea de Ensino:<\/p>\n\n\n\n<p><strong>Endere\u00e7o:<\/strong> Rua Borges Lagoa, 1083 \u2013 10\u00ba andar \u2013 Vila Clementino, S\u00e3o Paulo\/SP &#8211; CEP:<br>04038-032<br><strong>Telefone\/WhatsApp:<\/strong> (11) 3016-4099.<br><strong>E-mail:<\/strong> <a href=\"mailto:secretaria.ensino@institutodavisao.org.br\">secretaria.ensino@institutodavisao.org.br<\/a>.<br>Formul\u00e1rio de contato para d\u00favidas.<\/p>\n","protected":false},"excerpt":{"rendered":"<p>O Instituto da Vis\u00e3o &#8211; IPEPO \u00e9 uma entidade filantr\u00f3pica que, desde 1990, promove ensino e assist\u00eancia oftalmol\u00f3gica, incluindo programas de resid\u00eancia, fellowships, cursos diversos e pesquisas. Com o objetivo de atender a alta demanda, o IPEPO oferece o Est\u00e1gio Observacional de Gradua\u00e7\u00e3o M\u00e9dica em Oftalmologia, voltado para acad\u00eamicos de medicina interessados em aprimorar seus [&hellip;]<\/p>\n","protected":false},"author":1,"featured_media":0,"parent":0,"menu_order":0,"comment_status":"closed","ping_status":"closed","template":"","meta":{"_acf_changed":false,"_joinchat":[],"footnotes":""},"class_list":["post-11773","page","type-page","status-publish","hentry"],"acf":[],"_links":{"self":[{"href":"https:\/\/www.institutodavisao.org.br\/area-do-medico\/wp-json\/wp\/v2\/pages\/11773","targetHints":{"allow":["GET"]}}],"collection":[{"href":"https:\/\/www.institutodavisao.org.br\/area-do-medico\/wp-json\/wp\/v2\/pages"}],"about":[{"href":"https:\/\/www.institutodavisao.org.br\/area-do-medico\/wp-json\/wp\/v2\/types\/page"}],"author":[{"embeddable":true,"href":"https:\/\/www.institutodavisao.org.br\/area-do-medico\/wp-json\/wp\/v2\/users\/1"}],"replies":[{"embeddable":true,"href":"https:\/\/www.institutodavisao.org.br\/area-do-medico\/wp-json\/wp\/v2\/comments?post=11773"}],"version-history":[{"count":7,"href":"https:\/\/www.institutodavisao.org.br\/area-do-medico\/wp-json\/wp\/v2\/pages\/11773\/revisions"}],"predecessor-version":[{"id":12217,"href":"https:\/\/www.institutodavisao.org.br\/area-do-medico\/wp-json\/wp\/v2\/pages\/11773\/revisions\/12217"}],"wp:attachment":[{"href":"https:\/\/www.institutodavisao.org.br\/area-do-medico\/wp-json\/wp\/v2\/media?parent=11773"}],"curies":[{"name":"wp","href":"https:\/\/api.w.org\/{rel}","templated":true}]}}