{"id":6822,"date":"2020-09-29T15:51:47","date_gmt":"2020-09-29T18:51:47","guid":{"rendered":"https:\/\/www.institutodavisao.org.br\/site\/area-do-medico\/?page_id=6822"},"modified":"2021-11-08T12:13:29","modified_gmt":"2021-11-08T15:13:29","slug":"fellowship-em-imagem-em-oftalmologia","status":"publish","type":"page","link":"https:\/\/www.institutodavisao.org.br\/area-do-medico\/fellowship-em-imagem-em-oftalmologia\/","title":{"rendered":"Fellowship em Imagem em Oftalmologia"},"content":{"rendered":"\n<h2 class=\"mb-0 wp-block-heading\"><strong>Resultado<\/strong><\/h2>\n\n\n\n<a class=\"btn_inscricaoEdital\" href=\"https:\/\/institutodavisao2.websiteseguro.com\/area-do-medico\/fellowship\/resultado-fellowship-em-imagem-em-oftalmologia\/\" rel=\"noopener noreferrer\"> Veja o resultado aqui <\/a>\n\n\n\n<figure class=\"wp-block-image size-large\"><img loading=\"lazy\" decoding=\"async\" width=\"1024\" height=\"157\" src=\"https:\/\/institutodavisao2.websiteseguro.com\/area-do-medico\/wp-content\/uploads\/2020-12-10-banner-portal-ipepo-1110x170-imagem-em-oftalmologia-1024x157.png\" alt=\"\" class=\"wp-image-7193\" srcset=\"https:\/\/www.institutodavisao.org.br\/area-do-medico\/wp-content\/uploads\/2020-12-10-banner-portal-ipepo-1110x170-imagem-em-oftalmologia-1024x157.png 1024w, https:\/\/www.institutodavisao.org.br\/area-do-medico\/wp-content\/uploads\/2020-12-10-banner-portal-ipepo-1110x170-imagem-em-oftalmologia-300x46.png 300w, https:\/\/www.institutodavisao.org.br\/area-do-medico\/wp-content\/uploads\/2020-12-10-banner-portal-ipepo-1110x170-imagem-em-oftalmologia-150x23.png 150w, https:\/\/www.institutodavisao.org.br\/area-do-medico\/wp-content\/uploads\/2020-12-10-banner-portal-ipepo-1110x170-imagem-em-oftalmologia-768x118.png 768w, https:\/\/www.institutodavisao.org.br\/area-do-medico\/wp-content\/uploads\/2020-12-10-banner-portal-ipepo-1110x170-imagem-em-oftalmologia.png 1110w\" sizes=\"auto, (max-width: 1024px) 100vw, 1024px\" \/><\/figure>\n\n\n\n<h2 class=\"wp-block-heading\"><strong>SOBRE O CURSO<\/strong><\/h2>\n\n\n\n<p>O&nbsp;<strong>Instituto da Vis\u00e3o (IPEPO)<\/strong>&nbsp;mant\u00e9m o&nbsp;<strong>Programa de Fellowship em IMAGEM EM OFTALMOLOGIA<\/strong>&nbsp;desde 2019 e tem como objetivo formar especialistas em imagens oftalmol\u00f3gicas.<\/p>\n\n\n\n<p>O fellow ter\u00e1 oportunidade de entrar em contato com a mais avan\u00e7ada tecnologia dispon\u00edvel para diagn\u00f3stico e terap\u00eautica na \u00e1rea oftalmol\u00f3gica. O programa trar\u00e1 ainda oportunidade de desenvolver produ\u00e7\u00e3o cient\u00edfica, al\u00e9m da participa\u00e7\u00e3o em cursos e congressos nacionais e internacionais.<\/p>\n\n\n\n<p>H\u00e1 tamb\u00e9m a possibilidade do m\u00e9dico fellow cursar est\u00e1gios no exterior ap\u00f3s o treinamento.<\/p>\n\n\n\n<p>O aprendizado do m\u00e9dico oftalmologista fellow em imagem em oftalmologia \u00e9 baseado em sua pr\u00e1tica di\u00e1ria nos ambulat\u00f3rios e centro diagn\u00f3stico. Durante o Programa, o m\u00e9dico fellow tamb\u00e9m tem a oportunidade de preparar semin\u00e1rios, aulas e discuss\u00f5es para serem amplamente debatidas no Grupo de Estudo.<\/p>\n\n\n\n<h3 class=\"wp-block-heading\"><strong><strong>Cronograma das Atividades Te\u00f3ricas e Pr\u00e1ticas \u2013 Dura\u00e7\u00e3o e Carga Hor\u00e1ria<\/strong><\/strong><\/h3>\n\n\n\n<p>O Programa de Fellowship em Imagem em Oftalmologia ser\u00e1 desenvolvido com 80% da carga hor\u00e1ria, sob a forma de treinamento em servi\u00e7o (ambulat\u00f3rios e centro diagn\u00f3stico), destinando-se 20% da carga hor\u00e1ria para atividades te\u00f3rico-complementares.<\/p>\n\n\n\n<p>As atividades semanais s\u00e3o separadas para os egressos de acordo com a grade semanal abaixo:<\/p>\n\n\n\n<div style=\"height:25px\" aria-hidden=\"true\" class=\"wp-block-spacer\"><\/div>\n\n\n\n<figure class=\"wp-block-table\">\n    <table class=\"tabelaFellow\">\n        <tbody>\n            <tr>\n                <td><\/td>\n                <td><p>Quarta<\/p><\/td>\n                <td><p>Sexta<\/p><\/td>\n            <\/tr>\n            <tr>\n                <td rowspan=\"2\"><p>Manh\u00e3<\/p><\/td>\n                <td><p>US<\/p><\/td>\n                <td><p>Neuroftalmo + Centro Diagn\u00f3stico<\/p><\/td>\n            <\/tr>\n            <tr>\n                <td><p>Dra. Liliane<\/p><\/td>\n                <td><p>Dr. Eric<\/p><\/td>\n            <\/tr>\n            <tr>\n                <td rowspan=\"2\"><p>Tarde<\/p><\/td>\n                <td><p>Retina + Centro Diagn\u00f3stico<\/p><\/td>\n                <td><p>US<\/p><\/td>\n            <\/tr>\n            <tr>\n                <td><p>Dr. Renato<\/p><\/td>\n                <td><p>Dra. Carla<\/p><\/td>\n            <\/tr>\n        <\/tbody>\n    <\/table>\n<\/figure>\n\n\n\n<div style=\"height:25px\" aria-hidden=\"true\" class=\"wp-block-spacer\"><\/div>\n\n\n\n<p>Perfil dos egressos: Ao t\u00e9rmino do programa, o aluno dever\u00e1 estar apto a realizar laudos de exames oftalmol\u00f3gicos desenvolvidos no Instituto da Vis\u00e3o \u2013 IPEPO.<\/p>\n\n\n\n<h3 class=\"wp-block-heading\"><strong>Dura\u00e7\u00e3o<\/strong><\/h3>\n\n\n\n<p>Mar\u00e7o de 2021 a Fevereiro de 2022 (1 ano)<\/p>\n\n\n\n<h3 class=\"wp-block-heading\"><strong>Carga hor\u00e1ria<\/strong><\/h3>\n\n\n\n<p>20h\/semanais (quarta e sexta dia todo)<\/p>\n\n\n\n<h3 class=\"wp-block-heading\"><strong>Locais de est\u00e1gio<\/strong><\/h3>\n\n\n\n<p>Instituto da Vis\u00e3o e institui\u00e7\u00f5es afiliadas<\/p>\n\n\n\n<h3 class=\"borderBottomTitulo wp-block-heading\"><strong>Ingresso e Procedimentos<\/strong><\/h3>\n\n\n\n<h3 class=\"wp-block-heading\"><strong>Vagas<\/strong><\/h3>\n\n\n\n<p>O concurso \u00e9 destinado para a sele\u00e7\u00e3o de uma (01) vaga para o Programa de Fellowship em Imagem em Oftalmologia do Instituto da Vis\u00e3o \u2013 IPEPO.<\/p>\n\n\n\n<h3 class=\"wp-block-heading\"><strong>Inscri\u00e7\u00f5es<\/strong><\/h3>\n\n\n\n<p class=\"area_dadosBanco\">Valor da Inscri\u00e7\u00e3o R$ 400,00 (quatrocentos reais).<br>Banco Santander (033)<br>Ag\u00eancia 0212&nbsp;<br>Conta Corrente 13005409-3<br>CPNJ: 67.187.070\/0001-71<\/p>\n\n\n\n<p>As inscri\u00e7\u00f5es dever\u00e3o ser feitas atrav\u00e9s do site, a partir do bot\u00e3o abaixo.<br>Ap\u00f3s an\u00e1lise da documenta\u00e7\u00e3o receber\u00e3o e-mail confirmat\u00f3rio com instru\u00e7\u00f5es.<\/p>\n\n\n\n<a class=\"btn_inscricaoEdital d-none\" href=\"https:\/\/forms.gle\/W5u1RViHgBjbp9D49\" target=\"_blank\" rel=\"noopener noreferrer\"> Fa\u00e7a sua inscri\u00e7\u00e3o <\/a>\n\n\n\n<a class=\"btn_inscricaoEdital btn-encerrada\"> Inscri\u00e7\u00f5es encerradas <\/a>\n\n\n\n<p>Informa\u00e7\u00f5es pelo e-mail&nbsp;<a href=\"mailto:secretaria.ensino@institutodavisao2.websiteseguro.com\">secretaria.ensino@institutodavisao2.websiteseguro.com<\/a>&nbsp;ou WhatsApp 3016-4099<\/p>\n\n\n\n<p><strong>Data de Encerramento das Inscri\u00e7\u00f5es<\/strong><br>25 de janeiro de 2021<\/p>\n\n\n\n<h3 class=\"wp-block-heading\"><strong>Requisitos<\/strong><\/h3>\n\n\n\n<ul class=\"wp-block-list\" type=\"1\"><li>Resid\u00eancia M\u00e9dica em Oftalmologia, cursada por&nbsp;<strong>3 (tr\u00eas) anos<\/strong>&nbsp;em servi\u00e7o reconhecido&nbsp;<strong>CBO e\/ou MEC<\/strong>.<\/li><li>Ser m\u00e9dico oftalmologista com diploma reconhecido pelo Minist\u00e9rio da Educa\u00e7\u00e3o e\/ou Conselho Brasileiro de Oftalmologia.<\/li><li>Possuir registro efetivo ou provis\u00f3rio no Conselho Regional de Medicina do Estado de S\u00e3o Paulo (CREMESP).<\/li><li>Possuir ou apresentar nos primeiros 3 meses do programa o T\u00edtulo de Especialista em Oftalmologia pelo Conselho Brasileiro de Oftalmologia\/AMB e\/ou Comiss\u00e3o Nacional de Resid\u00eancia M\u00e9dica\/MEC.<\/li><\/ul>\n\n\n\n<h3 class=\"wp-block-heading\"><strong>Processo Seletivo<\/strong><\/h3>\n\n\n\n<p>O processo seletivo ser\u00e1 composto de entrevista com an\u00e1lise de curr\u00edculo.<\/p>\n\n\n\n<h3 class=\"wp-block-heading\"><strong>Crit\u00e9rios de sele\u00e7\u00e3o<\/strong><\/h3>\n\n\n\n<ul class=\"wp-block-list\"><li>Entrevista e an\u00e1lise de curr\u00edculo<\/li><li>Data: 27\/01\/2021 in\u00edcio da prova \u00e0s 8:00 pontualmente<\/li><li>Local: Rua Borges Lagoa, 1083, 10\u00b0 andar. S\u00e3o Paulo\/SP<\/li><li>Telefone: (11) 3016-4080<\/li><\/ul>\n\n\n\n<h3 class=\"wp-block-heading\"><strong>Resultado<\/strong><\/h3>\n\n\n\n<p>O resultado ser\u00e1 publicado at\u00e9 o dia&nbsp;<strong>03\/02\/2021<\/strong>&nbsp;via e-mail para os participantes e nas redes sociais do IPEPO.<\/p>\n\n\n\n<h3 class=\"wp-block-heading\"><strong>Convoca\u00e7\u00e3o e Matr\u00edcula<\/strong><\/h3>\n\n\n\n<p>O candidato aprovado e convocado de acordo com o n\u00famero de vagas dispon\u00edveis dever\u00e1 comparecer \u00e0 sede do Instituto da Vis\u00e3o \u2013 IPEPO, situado \u00e0 Rua Borges Lagoa 1083, 13\u00ba andar, para efetuar a matr\u00edcula, apresentando os seguintes documentos:<\/p>\n\n\n\n<ul class=\"wp-block-list\"><li>2 fotos 3X4.<\/li><li>Original e x\u00e9rox autenticado da Carteira de Identidade.<\/li><li>Original e x\u00e9rox autenticado do CPF.<\/li><li>Original e x\u00e9rox autenticado do diploma de medicina ou declara\u00e7\u00e3o de conclus\u00e3o do curso e t\u00edtulo de especialista pelo CBO\/AMB e\/ou CNRM\/MEC.<\/li><li>Original e x\u00e9rox autenticada da Carteira do CRM.<\/li><\/ul>\n\n\n\n<h3 class=\"wp-block-heading\"><strong>Disposi\u00e7\u00f5es Finais<\/strong><\/h3>\n\n\n\n<p>O Programa de Fellowship em Imagem em Oftalmologia do Instituto da Vis\u00e3o \u2013 IPEPO ser\u00e1 realizado em suas unidades pr\u00f3prias ou naquelas que existam parcerias privadas, municipais, estaduais ou federais, com dura\u00e7\u00e3o um (01) ano com atividades te\u00f3ricas e pr\u00e1ticas relativas \u00e0 subespecialidade oftalmol\u00f3gica.<\/p>\n\n\n\n<h3 class=\"wp-block-heading\"><strong>Matr\u00edcula<\/strong><\/h3>\n\n\n\n<p>O aluno pagar\u00e1 taxa de matricula no valor de R$ 1.200,00 (Hum Mil e Duzentos Reais) em 02 vezes.<\/p>\n\n\n\n<hr class=\"wp-block-separator\"\/>\n\n\n\n<h3 class=\"wp-block-heading\"><strong>Coordenadores<\/strong><\/h3>\n\n\n\n<p>Prof. Dr. Eric Pinheiro de Andrade<br>Dra. Liliane Kanecadan<br>Prof. Dr. Rubens Belfort J\u00fanior<\/p>\n\n\n\n<h3 class=\"wp-block-heading\"><strong>Respons\u00e1veis<\/strong><\/h3>\n\n\n\n<p>Dr. Rubens Belfort Jr<br>Dr. Eric Pinheiro de Andrade<br>Dra. Liliane Kanecadan<br>Dr. Renato Passos<br>Dra. Carla Albhy<\/p>\n\n\n\n<h3 class=\"wp-block-heading\">M\u00e9dicos Oftalmologistas participantes do programa<\/h3>\n\n\n\n<p>Prof. Dr. Eric Pinheiro de Andrade<br><strong>Coordenador<\/strong><br>Dra Liliane Kanecadan<br><strong>Coordenadora<\/strong><br>Prof. Dr. Rubens Belfort J\u00fanior<br><strong>Coordenador<\/strong><br>Dra. Carla Albhy<br><strong>Preceptora<\/strong><br>Dr. Renato Passos<br><strong>Precepto<\/strong>r<\/p>\n","protected":false},"excerpt":{"rendered":"<p>Resultado Veja o resultado aqui SOBRE O CURSO O&nbsp;Instituto da Vis\u00e3o (IPEPO)&nbsp;mant\u00e9m o&nbsp;Programa de Fellowship em IMAGEM EM OFTALMOLOGIA&nbsp;desde 2019 e tem como objetivo formar especialistas em imagens oftalmol\u00f3gicas. O fellow ter\u00e1 oportunidade de entrar em contato com a mais avan\u00e7ada tecnologia dispon\u00edvel para diagn\u00f3stico e terap\u00eautica na \u00e1rea oftalmol\u00f3gica. O programa trar\u00e1 ainda oportunidade [&hellip;]<\/p>\n","protected":false},"author":1,"featured_media":0,"parent":0,"menu_order":2,"comment_status":"closed","ping_status":"closed","template":"","meta":{"_acf_changed":false,"_joinchat":[],"footnotes":""},"class_list":["post-6822","page","type-page","status-publish","hentry"],"acf":[],"_links":{"self":[{"href":"https:\/\/www.institutodavisao.org.br\/area-do-medico\/wp-json\/wp\/v2\/pages\/6822","targetHints":{"allow":["GET"]}}],"collection":[{"href":"https:\/\/www.institutodavisao.org.br\/area-do-medico\/wp-json\/wp\/v2\/pages"}],"about":[{"href":"https:\/\/www.institutodavisao.org.br\/area-do-medico\/wp-json\/wp\/v2\/types\/page"}],"author":[{"embeddable":true,"href":"https:\/\/www.institutodavisao.org.br\/area-do-medico\/wp-json\/wp\/v2\/users\/1"}],"replies":[{"embeddable":true,"href":"https:\/\/www.institutodavisao.org.br\/area-do-medico\/wp-json\/wp\/v2\/comments?post=6822"}],"version-history":[{"count":12,"href":"https:\/\/www.institutodavisao.org.br\/area-do-medico\/wp-json\/wp\/v2\/pages\/6822\/revisions"}],"predecessor-version":[{"id":7345,"href":"https:\/\/www.institutodavisao.org.br\/area-do-medico\/wp-json\/wp\/v2\/pages\/6822\/revisions\/7345"}],"wp:attachment":[{"href":"https:\/\/www.institutodavisao.org.br\/area-do-medico\/wp-json\/wp\/v2\/media?parent=6822"}],"curies":[{"name":"wp","href":"https:\/\/api.w.org\/{rel}","templated":true}]}}