{"id":4171,"date":"2018-03-09T14:33:25","date_gmt":"2018-03-09T14:33:25","guid":{"rendered":"http:\/\/institutodavisao.org.br\/?page_id=4171"},"modified":"2020-09-29T12:52:37","modified_gmt":"2020-09-29T15:52:37","slug":"exames","status":"publish","type":"page","link":"https:\/\/www.institutodavisao.org.br\/area-do-paciente\/exames\/","title":{"rendered":"Exames"},"content":{"rendered":"\n<p>O Instituto Paulista de Estudos e Pesquisa em Oftalmologia &#8211; IPEPO realiza exames diagn\u00f3sticos, tratamentos cl\u00ednicos e cirurgias a mais de 30 anos.<br>Os exames de Imagem ficar\u00e3o dispon\u00edveis no mesmo dia e laudos em at\u00e9 7 dias \u00fateis.<br>Voc\u00ea e seu m\u00e9dico poder\u00e3o acess\u00e1-los atrav\u00e9s do site em &#8220;<a rel=\"noreferrer noopener\" href=\"https:\/\/institutodavisao.sivoe.med.br\/index.php\" target=\"_blank\">veja o resultado do seu exame<\/a>&#8221; com seu login e senha que receber\u00e1 ao final do exame.<\/p>\n\n\n\n<p><strong>VEJA ABAIXO A LISTA DOS EXAMES:<\/strong><\/p>\n","protected":false},"excerpt":{"rendered":"<p>O Instituto Paulista de Estudos e Pesquisa em Oftalmologia &#8211; IPEPO realiza exames diagn\u00f3sticos, tratamentos cl\u00ednicos e cirurgias a mais de 30 anos.Os exames de Imagem ficar\u00e3o dispon\u00edveis no mesmo dia e laudos em at\u00e9 7 dias \u00fateis.Voc\u00ea e seu m\u00e9dico poder\u00e3o acess\u00e1-los atrav\u00e9s do site em &#8220;veja o resultado do seu exame&#8221; com seu [&hellip;]<\/p>\n","protected":false},"author":3,"featured_media":0,"parent":0,"menu_order":0,"comment_status":"closed","ping_status":"closed","template":"templates\/exames.php","meta":{"_acf_changed":false,"_joinchat":[],"footnotes":""},"class_list":["post-4171","page","type-page","status-publish","hentry"],"acf":[],"_links":{"self":[{"href":"https:\/\/www.institutodavisao.org.br\/area-do-paciente\/wp-json\/wp\/v2\/pages\/4171","targetHints":{"allow":["GET"]}}],"collection":[{"href":"https:\/\/www.institutodavisao.org.br\/area-do-paciente\/wp-json\/wp\/v2\/pages"}],"about":[{"href":"https:\/\/www.institutodavisao.org.br\/area-do-paciente\/wp-json\/wp\/v2\/types\/page"}],"author":[{"embeddable":true,"href":"https:\/\/www.institutodavisao.org.br\/area-do-paciente\/wp-json\/wp\/v2\/users\/3"}],"replies":[{"embeddable":true,"href":"https:\/\/www.institutodavisao.org.br\/area-do-paciente\/wp-json\/wp\/v2\/comments?post=4171"}],"version-history":[{"count":0,"href":"https:\/\/www.institutodavisao.org.br\/area-do-paciente\/wp-json\/wp\/v2\/pages\/4171\/revisions"}],"wp:attachment":[{"href":"https:\/\/www.institutodavisao.org.br\/area-do-paciente\/wp-json\/wp\/v2\/media?parent=4171"}],"curies":[{"name":"wp","href":"https:\/\/api.w.org\/{rel}","templated":true}]}}